{"id":886,"date":"2025-03-23T23:28:56","date_gmt":"2025-03-23T21:28:56","guid":{"rendered":"https:\/\/adr2.net\/wordpress\/?page_id=886"},"modified":"2025-03-24T00:29:42","modified_gmt":"2025-03-23T22:29:42","slug":"los-corrales-de-yugueros-y-pozo-de-las-bozas","status":"publish","type":"page","link":"http:\/\/adr2.net\/wordpress\/?page_id=886","title":{"rendered":"Los Corrales de Yugueros y Pozo de las Bozas"},"content":{"rendered":"\n<p class=\"has-text-align-center\"><strong><em>Los Corrales de YUGUEROS&nbsp; como Campamento Romano en las Guerras contra los C\u00e1ntabros<\/em><\/strong><\/p>\n\n\n\n<p class=\"has-text-align-right has-small-font-size\">A. del R\u00edo \u2013 19\/02\/2025<\/p>\n\n\n\n<p>Como primer basti\u00f3n de la guerra de conquista de los pueblos c\u00e1ntabros y satures, Eutimio Martino&nbsp; sit\u00faa Pe\u00f1a Corada&nbsp; (<em>Cor\u00f3n, Cora, Corada<\/em>) y como posible campamento romano y punto de retaguardia y avituallamiento de Las Legiones el complejo de los Corrales de Yugueros. La conquista del pueblo c\u00e1ntabro emprendida personalmente por Augusto termina en el a\u00f1o 19 a.de c. con el hecho documentado de la batalla de Bergida. (<em>\u00bfBur\u00f3n?<\/em>)<\/p>\n\n\n\n<p>El lugar de apoyo y acometida romana a las monta\u00f1as y tomando como v\u00eda de entrada el r\u00edo Esla, (<em>Astura<\/em>), la fotograf\u00eda sit\u00faa&nbsp; los actuales Corrales de&nbsp; Yugueros en el lugar de Las Bozas<\/p>\n\n\n\n<p class=\"has-text-align-center\"><img loading=\"lazy\" decoding=\"async\" width=\"768\" height=\"729\" class=\"wp-image-892\" style=\"width: 768px;\" src=\"http:\/\/adr2.net\/wordpress\/wp-content\/uploads\/2025\/03\/Co_Yug1.png\" alt=\"\" srcset=\"http:\/\/adr2.net\/wordpress\/wp-content\/uploads\/2025\/03\/Co_Yug1.png 648w, http:\/\/adr2.net\/wordpress\/wp-content\/uploads\/2025\/03\/Co_Yug1-300x285.png 300w\" sizes=\"auto, (max-width: 768px) 100vw, 768px\" \/><\/p>\n\n\n\n<p>F\u00edsicamente este hipot\u00e9tico campamento es un recinto de aproximadamente 200 m en la direcci\u00f3n N-S y 150 m. en direcci\u00f3n E-O con restos de muros que lo delimitan y dividen. Tambi\u00e9n hay taludes y una charca que originalmente pudo ser un dep\u00f3sito de aprovisionamiento de agua. Como punto m\u00e1s singular est\u00e1 el llamado por los naturales de Yugueros Hoyo o Pozo de las Bozas \u2013alguien dice El Hoy\u00f3n\u2013 o de las Casas del Monte (corrales de ganado), depresi\u00f3n en forma de cono invertido de unos cinco metros de profundidad y unos doce metros de di\u00e1metro, aparentemente inexplicable como formaci\u00f3n natural y a su tama\u00f1o tampoco se le encuentra un uso dentro de la forma de vida de la zona en tiempos hist\u00f3ricos. Est\u00e1 muy aceptada la asignaci\u00f3n&nbsp; como granero para suministrar grano a los legionarios de un campamento militar romano contiguo. Por ser un punto elevado, es una loma, tampoco puede ser captaci\u00f3n de agua y no lejos y en el valle hay una fuente, el Urraco y una laguna.&nbsp; La forma actual supone que el pozo est\u00e1 muy colmatado y en alg\u00fan punto&nbsp; de su superficie hay piedras lo que puede ser restos de muro. El pretendido Pozo de las Bozas como almac\u00e9n de grano u otros pertrechos militares romanos no puede alejarnos de otras posibles explicaciones como hundimiento del terreno por vac\u00edos subterr\u00e1neos u origen como pozo nevero para almacenas nieve para la estaci\u00f3n veraniega. Por la zona cercana es com\u00fan la existencia de hundimientos por aqu\u00ed llamados grajeros.<\/p>\n\n\n\n<p>Todo este complejo est\u00e1 comunicado y al mismo nivel que el t\u00e9rmino pr\u00f3ximo de La Loma, tambi\u00e9n con restos de muros de un tama\u00f1o dif\u00edcilmente explicables como restos de establos para el ganado. Estos muros&nbsp; se pierden en el matorral y se conocen como los Corrales de Cistierna, bastante incompatibles con este uso por la longitud y disposici\u00f3n de los muy derruidos muros. Este es un lugar estrat\u00e9gicamente enfrentado a Pe\u00f1a Corada y con un dominio visual sobre Vegamediana, punto estrat\u00e9gico del valle del Esla donde confluyen los Valles de Sabero, y Santa Olaja y Fuentes de Pe\u00f1a Corada en la cara Norte de la citada pe\u00f1a. Pr\u00f3ximo a Vegamediana, el solar del Castillo de Aquilare. Desde aqu\u00ed se divisan muchos metros de calzada romana o tal vez solo camino tardo romano o medieval que por orillas del Esla se adentra en la monta\u00f1a. Tambi\u00e9n se domina al este el pueblo de Valmartino (\u00bf<em>Valle de Marte<\/em>?) con sugerente nombre de reminiscencias guerreras.<\/p>\n\n\n\n<p>Al norte de La Loma y guardado de miradas indiscretas el lugar llamado El Lutero, <em>(\u00bfcampo de Luces?), <\/em>enfrentado a unas colladas (<em>La Cerra<\/em>) detr\u00e1s de las cuales est\u00e1n las ruinas del castillo de Aguilar. (<em>Aquilare<\/em>).<\/p>\n\n\n\n<p>Igualmente, al sur y bien comunicado con el campamento de los Corrales, est\u00e1 el Mercadillo, confluencia del Valle de Yugueros (<em>Rioseco)<\/em> con el Esla. Punto estrat\u00e9gico y cruce de caminos N-S y E-O. Camino Romano y Eje Sub-Cant\u00e1brico. Lugar de paso m\u00edtico por un puente tal vez romano, el actual es evidentemente no romano aunque no descartable sobre&nbsp; basamentos romanos pero si medieval&nbsp; reformado ya en edad&nbsp; Moderna y de bella factura. Mercadillo, lugar de Ferias y Mercados,&nbsp; cruce del Camino de Santiago llamado <em>Vadiniense<\/em> desde&nbsp; la Li\u00e9bana a Gradefes y del camino que discurre por el sub-Cant\u00e1brico y norte de Palencia va por el Valle de R\u00edo Seco de Yugueros y al oeste por las Arrimadas (<em>La Arrimada<\/em>) que es un secular feudo eclesi\u00e1stico hasta Santiago por el rehabilitado <em>Camino Olvidado<\/em> como actualmente se llama. Y tambi\u00e9n se documenta un hospital de San Bernab\u00e9 para pernoctas de peregrinos. El lugar no tiene desperdicio, restos de muros desproporcionados para un lugar hoy abandonado de todos. Cerca el pueblo de Modino con pretendidos restos de defensas romanas, dio nombre al Concejo de Modino, un lugar de realengo rodeado de feudos nobiliarios del marquesado de Astorga y&nbsp; eclesi\u00e1sticos del Obispado de Le\u00f3n. En el Mercadillo confluyen tres Concejos como antiguamente se dec\u00eda: Yugueros, Modino y Sorriba.<\/p>\n\n\n\n<p>Todo el contorno de los Corrales de Yugueros est\u00e1 lleno de top\u00f3nimos como Corona, Cueto, Coto, El Murrial, Los Cavenes, Los Murios (para algunos el solar de san Andr\u00e9s de Yesa sin ning\u00fan fundamento) , Los Casares, Las Cogollas, La Mortera y otros de reminiscencia cristiana como Cuesta santa Olaja, despoblado san Andr\u00e9s de Yesa, Los Villarinos, Los Murios (para algunos el solar de san Andr\u00e9s de Yesa), despoblado de san Vicente de Yera hoy llamado Los Casares, Canto san Pelayo, san Mart\u00edn, san Guillermo, santa Catalina, a veces m\u00e1s importantes por lo que ocultan o sugieren que por lo que dicen.<\/p>\n\n\n\n<p>Que este entorno del pretendido campamento romano se ve que re\u00fane muchas caracter\u00edsticas que denotan inter\u00e9s estrat\u00e9gico que pudo usarse por el Imperio Romano en su af\u00e1n de dominar las tribus C\u00e1ntabras es evidente alzando la vista al horizonte pero no es prueba definitiva. Tambi\u00e9n ilusionan los top\u00f3nimos donde se aprecia un lenguaje fosilizado desde la \u00e9poca de la conquista romana de las tribus aut\u00f3ctonas. Solo nos queda mirar m\u00e1s a la tierra y encontrar vestigios arqueol\u00f3gicos tal vez escurridizos y de dif\u00edcil interpretaci\u00f3n. Yo tan solo he descrito un escenario donde caven muchas fantas\u00edas.&nbsp; En cuanto a las fuentes escritas de generales&nbsp; romanos e historiadores del Imperio hay que tomar reservas estando como estaban&nbsp; buscando la \u00e9pica, la gloria y el efecto propagand\u00edstico que nunca falt\u00f3 en este tema sobre el que solo escrib\u00edan los ganadores antes y tambi\u00e9n ahora. Menciones a las guerras C\u00e1ntabras encontramos en los historiadores romanos Floro y Orosio cuyas fuentes parecen ser Tito Livio y tambi\u00e9n Dion Casio (155-235 d.C.). Las Guerras C\u00e1ntabras se desarrollaron mucho antes de estas fechas. Una de las tres columnas de avance al n\u00facleo occidental c\u00e1ntabro y Picos de Europa pudo ser el R\u00edo Esla y aqu\u00ed entrar\u00eda en escena el campamento de las Bozas.<\/p>\n\n\n\n<p>Me he encontrado referencias a estos escenarios en una monograf\u00eda y homenaje al historiador Eutimio Martino por su 90 cumplea\u00f1os, publicada por la Universidad de Murcia sobre sus trabajos de Toponimia e Historia Antigua. Es p\u00fablica en Internet y por ello me tomo la libertad e incluir &nbsp;un recorte sobre lo que al efecto se dice. He acompa\u00f1ado al Padre Martino en alguna de sus correr\u00edas por estas monta\u00f1as y aprecio la honradez de sus hip\u00f3tesis y el coraje en defenderlas.<\/p>\n\n\n\n<p class=\"has-text-align-center\"><img loading=\"lazy\" decoding=\"async\" width=\"600\" height=\"378\" class=\"wp-image-897\" style=\"width: 600px;\" src=\"http:\/\/adr2.net\/wordpress\/wp-content\/uploads\/2025\/03\/Co_Yug6.png\" alt=\"\" srcset=\"http:\/\/adr2.net\/wordpress\/wp-content\/uploads\/2025\/03\/Co_Yug6.png 795w, http:\/\/adr2.net\/wordpress\/wp-content\/uploads\/2025\/03\/Co_Yug6-300x189.png 300w, http:\/\/adr2.net\/wordpress\/wp-content\/uploads\/2025\/03\/Co_Yug6-768x484.png 768w\" sizes=\"auto, (max-width: 600px) 100vw, 600px\" \/><\/p>\n\n\n\n<p>El camino de acceso viene de La Collada y no de Foncollada, la referencia a un borde de tegula es muy evanescente y eso de \u201ccamino de la panera\u201c es simplemente una invenci\u00f3n. Me resulta un poco complicado creer que el Padre Eutimio Martino aseverase tal cosa.<\/p>\n\n\n\n<p class=\"has-text-align-center\"><img loading=\"lazy\" decoding=\"async\" width=\"512\" height=\"639\" class=\"wp-image-893\" style=\"width: 512px;\" src=\"http:\/\/adr2.net\/wordpress\/wp-content\/uploads\/2025\/03\/Co_Yug2.png\" alt=\"\" srcset=\"http:\/\/adr2.net\/wordpress\/wp-content\/uploads\/2025\/03\/Co_Yug2.png 483w, http:\/\/adr2.net\/wordpress\/wp-content\/uploads\/2025\/03\/Co_Yug2-240x300.png 240w\" sizes=\"auto, (max-width: 512px) 100vw, 512px\" \/><\/p>\n\n\n\n<p class=\"has-text-align-center has-small-font-size\">En estas dos fotograf\u00edas  hay una vista cenital del complejo de Los Corrales\u00a0 con la posici\u00f3n del Hoyo y la delimitaci\u00f3n y una recreaci\u00f3n de divisi\u00f3n interna del\u00a0 recinto seg\u00fan el Eutimio Martino. Son de su libro <em>Cuadernos de Campo (I)-Las Huellas de las Legiones<\/em>.\u00a0&#8211; Fotos E. Martino<\/p>\n\n\n\n<p class=\"has-text-align-center\"><img loading=\"lazy\" decoding=\"async\" width=\"500\" height=\"584\" class=\"wp-image-894\" style=\"width: 500px;\" src=\"http:\/\/adr2.net\/wordpress\/wp-content\/uploads\/2025\/03\/Co_Yug3.png\" alt=\"\" srcset=\"http:\/\/adr2.net\/wordpress\/wp-content\/uploads\/2025\/03\/Co_Yug3.png 478w, http:\/\/adr2.net\/wordpress\/wp-content\/uploads\/2025\/03\/Co_Yug3-257x300.png 257w\" sizes=\"auto, (max-width: 500px) 100vw, 500px\" \/><\/p>\n\n\n\n<p class=\"has-text-align-left has-small-font-size\"> En la recreaci\u00f3n de la simulaci\u00f3n del recinto \u00a0se indica y aprecia el camino que diagonalmente arriba se dirige por la derecha al lugar de \u00a0La Loma y al Lutero y tambi\u00e9n a Yugueros y hacia abajo sigue al t\u00e9rmino llamado La Grandiella\u00a0 y siguiendo ladera abajo lleva al Mercadillo, ribera derecha del Esla y Modino. <\/p>\n\n\n\n<p>El complejo aparentemente se prolonga hacia el Norte bastantes metros hasta una collada cruce de caminos que por la derecha cae hacia El Lutero y al solar con recintos, fuente y previsiblemente eras y taludes de un desaparecido pueblo o solo refugio de siervos pastores y ganados del marqu\u00e9s de Astorga, due\u00f1o y con jurisdicci\u00f3n sobre el Coto Redondo de Los Aciales, San Vicente de Yera, un lugar que re\u00fane condiciones para ser un castro prerromano..<\/p>\n\n\n\n<p>En las fotograf\u00edas&nbsp; que van a continuaci\u00f3n&nbsp; son&nbsp; evidentes los alineamientos de piedras que delimitan recintos. Una particularidad es que no aparecen esquinas, los cambios de direcci\u00f3n son redondeados. Estos alineamientos deben estar muy saqueados, habi\u00e9ndose utilizado sus piedras para levantar los pr\u00f3ximos corrales de ganado. En las fotos se ve la desproporci\u00f3n entre el tama\u00f1o de los corrales y los recintos campamentales y queda constancia de su escala.<\/p>\n\n\n\n<p class=\"has-text-align-center\"><img loading=\"lazy\" decoding=\"async\" width=\"600\" height=\"840\" class=\"wp-image-895\" style=\"width: 600px;\" src=\"http:\/\/adr2.net\/wordpress\/wp-content\/uploads\/2025\/03\/Co_Yug4.png\" alt=\"\" srcset=\"http:\/\/adr2.net\/wordpress\/wp-content\/uploads\/2025\/03\/Co_Yug4.png 517w, http:\/\/adr2.net\/wordpress\/wp-content\/uploads\/2025\/03\/Co_Yug4-214x300.png 214w\" sizes=\"auto, (max-width: 600px) 100vw, 600px\" \/><\/p>\n\n\n\n<p class=\"has-text-align-center has-small-font-size\">En esta foto, los restos de muro perimetral del recinto perimetral que tambi\u00e9n llevar\u00eda su empalizada, hacen honor al citado Padre Eutimio Martino\u00a0 (S.J), historiador, divulgador del recinto y en un primer plano. &#8211; Foto A. del R\u00edo<\/p>\n\n\n\n<p class=\"has-text-align-center has-small-font-size\"><img loading=\"lazy\" decoding=\"async\" width=\"600\" height=\"762\" class=\"wp-image-896\" style=\"width: 600px;\" src=\"http:\/\/adr2.net\/wordpress\/wp-content\/uploads\/2025\/03\/Co_Yug5.png\" alt=\"\" srcset=\"http:\/\/adr2.net\/wordpress\/wp-content\/uploads\/2025\/03\/Co_Yug5.png 555w, http:\/\/adr2.net\/wordpress\/wp-content\/uploads\/2025\/03\/Co_Yug5-236x300.png 236w\" sizes=\"auto, (max-width: 600px) 100vw, 600px\" \/><\/p>\n\n\n\n<p class=\"has-text-align-right has-small-font-size\">Foto A. del R\u00edo<\/p>\n\n\n\n<p class=\"has-text-align-left has-medium-font-size\">En el \u00e1ngulo superior izquierda del Pozo se ve un trocito de cielo, que junto a la persona situada dentro de \u00e9l, dan una idea de su tama\u00f1o. La ca\u00edda de tierra por la erosi\u00f3n continuada de paredes y de\u00a0 restos org\u00e1nicos vegetales ha ido colmatando el Hoyo. Ser\u00eda interesante catas arqueol\u00f3gicas del lugar y delimitar profundidad, existencia de muros de suelo o revestimientos laterales, lo mismo que otros presuntos restos arqueol\u00f3gicos. Actualmente el lugar est\u00e1 abandonado a su suerte.<\/p>\n\n\n\n<p><\/p>\n","protected":false},"excerpt":{"rendered":"<p>Los Corrales de YUGUEROS&nbsp; como Campamento Romano en las Guerras contra los C\u00e1ntabros A. del R\u00edo \u2013 19\/02\/2025 Como primer basti\u00f3n de la guerra de conquista de los pueblos c\u00e1ntabros y satures, Eutimio Martino&nbsp; sit\u00faa Pe\u00f1a Corada&nbsp; (Cor\u00f3n, Cora, Corada) y como posible campamento romano y punto de retaguardia y avituallamiento de Las Legiones el &hellip; <a href=\"http:\/\/adr2.net\/wordpress\/?page_id=886\" class=\"more-link\">Sigue leyendo <span class=\"screen-reader-text\">Los Corrales de Yugueros y Pozo de las Bozas<\/span> <span class=\"meta-nav\">&rarr;<\/span><\/a><\/p>\n","protected":false},"author":1,"featured_media":0,"parent":697,"menu_order":77,"comment_status":"closed","ping_status":"closed","template":"","meta":{"footnotes":""},"class_list":["post-886","page","type-page","status-publish","hentry"],"_links":{"self":[{"href":"http:\/\/adr2.net\/wordpress\/index.php?rest_route=\/wp\/v2\/pages\/886","targetHints":{"allow":["GET"]}}],"collection":[{"href":"http:\/\/adr2.net\/wordpress\/index.php?rest_route=\/wp\/v2\/pages"}],"about":[{"href":"http:\/\/adr2.net\/wordpress\/index.php?rest_route=\/wp\/v2\/types\/page"}],"author":[{"embeddable":true,"href":"http:\/\/adr2.net\/wordpress\/index.php?rest_route=\/wp\/v2\/users\/1"}],"replies":[{"embeddable":true,"href":"http:\/\/adr2.net\/wordpress\/index.php?rest_route=%2Fwp%2Fv2%2Fcomments&post=886"}],"version-history":[{"count":3,"href":"http:\/\/adr2.net\/wordpress\/index.php?rest_route=\/wp\/v2\/pages\/886\/revisions"}],"predecessor-version":[{"id":898,"href":"http:\/\/adr2.net\/wordpress\/index.php?rest_route=\/wp\/v2\/pages\/886\/revisions\/898"}],"up":[{"embeddable":true,"href":"http:\/\/adr2.net\/wordpress\/index.php?rest_route=\/wp\/v2\/pages\/697"}],"wp:attachment":[{"href":"http:\/\/adr2.net\/wordpress\/index.php?rest_route=%2Fwp%2Fv2%2Fmedia&parent=886"}],"curies":[{"name":"wp","href":"https:\/\/api.w.org\/{rel}","templated":true}]}}