{"id":150,"date":"2014-10-20T11:27:06","date_gmt":"2014-10-20T09:27:06","guid":{"rendered":"http:\/\/adr2.net\/wordpress\/?page_id=150"},"modified":"2024-02-13T20:04:33","modified_gmt":"2024-02-13T18:04:33","slug":"la-iglesia-de-yugueros","status":"publish","type":"page","link":"http:\/\/adr2.net\/wordpress\/?page_id=150","title":{"rendered":"La Iglesia de Yugueros"},"content":{"rendered":"\n<ul class=\"wp-block-list\">\n<li><a href=\"https:\/\/adr2.net\/wordpress\/?page_id=159\" data-type=\"page\" data-id=\"159\">La F\u00e1brica de la Iglesia<\/a>.<\/li>\n\n\n\n<li><a href=\"https:\/\/adr2.net\/wordpress\/?page_id=152\" data-type=\"page\" data-id=\"152\">El Retablo<\/a>.<\/li>\n\n\n\n<li><a href=\"https:\/\/adr2.net\/wordpress\/?page_id=157\" data-type=\"page\" data-id=\"157\">La Torre Campanario<\/a>.<\/li>\n\n\n\n<li><a href=\"https:\/\/adr2.net\/wordpress\/?page_id=376\" data-type=\"page\" data-id=\"376\">Las Cofrad\u00edas<\/a>.<\/li>\n\n\n\n<li><a href=\"https:\/\/adr2.net\/wordpress\/?page_id=383\" data-type=\"page\" data-id=\"383\">Detalles arquitect\u00f3nicos<\/a>.<\/li>\n<\/ul>\n\n\n\n<p><\/p>\n\n\n\n<p><span style=\"color: #000000;\">Pocos pueblos pueden presumir de un majestuoso campanario, vig\u00eda en el paso entre la ribera del r\u00edo Esla y el Valdellorma como el de Yugueros. Y es que Yugueros est\u00e1 estrat\u00e9gicamente situado a orilla del camino del Mercadillo con su secular puente y mercado inmemorial de ferias y tributos de pontazgo, camino real, senda de peregrinos en la variante Subcant\u00e1brica del camino de Santiago, el Camino Viejo, transici\u00f3n entre Jurisdicciones de la casa de Astorga y el Se\u00f1or\u00edo del Obispado de Le\u00f3n. El mismo Yugueros estuvo formado por dos barrios: El del Obispo y el del Marqu\u00e9s.<\/span><\/p>\n\n\n\n<p><span style=\"color: #000000;\">S\u00f3lo dos iglesias del antiguo Concejo mayor de&nbsp; Valdellorma tienen campanarios antiguos con planta rectangular y grandeza como los de Yugueros y Barrillos de las Arrimadas, ambos centinelas de la susodicha variante de camino de peregrinos y camino real, ambos bajo la Jurisdicci\u00f3n del Obispado, ambos hechos de la misma piedra: las canteras de Barrillos.<\/span><\/p>\n\n\n<div class=\"wp-block-image\">\n<figure class=\"aligncenter\"><a href=\"http:\/\/adr2.net\/wordpress\/wp-content\/uploads\/2014\/10\/I_Yugueros_Barrillos.jpg\"><img loading=\"lazy\" decoding=\"async\" width=\"390\" height=\"140\" src=\"http:\/\/adr2.net\/wordpress\/wp-content\/uploads\/2014\/10\/I_Yugueros_Barrillos.jpg\" alt=\"I_Yugueros_Barrillos\" class=\"wp-image-216\" srcset=\"http:\/\/adr2.net\/wordpress\/wp-content\/uploads\/2014\/10\/I_Yugueros_Barrillos.jpg 390w, http:\/\/adr2.net\/wordpress\/wp-content\/uploads\/2014\/10\/I_Yugueros_Barrillos-300x107.jpg 300w\" sizes=\"auto, (max-width: 390px) 100vw, 390px\" \/><\/a><\/figure>\n<\/div>\n\n\n<p><span style=\"color: #000000;\"><\/span><\/p>\n\n\n\n<p>Capacidad econ\u00f3mica no faltaba con riqueza generada en los pastos para sus bueyes y en la agricultura. <span style=\"color: #000000;\">Es muy posible que el pueblo de Yugueros deba su nombre a que sus moradores se dedicaron, entre otras actividades porteadoras, al transporte de piedra desde las canteras de Barrillos y Bo\u00f1ar para la Catedral de Le\u00f3n; parte del pueblo estaba bajo jurisdicci\u00f3n diocesana juntamente con Las Arrimadas. Atribuir el nombre del pueblo a presumibles fabricantes de yugos es discutible. Dif\u00edcilmente podr\u00edan competir con lebaniegos y sajambre\u00f1os que s\u00ed tienen documentada su fabricaci\u00f3n y venta en Tierra de Campos por su abundancia de madera de haya, m\u00e1s adecuada para aperos que el roble. Adem\u00e1s Yugueros tiene m\u00e1s pastos torales que nadie en esta comarca y dispon\u00eda de un foro perpetuo sobre el Coto Redondo de Los Aciales y Santa Olaja de valiosos pastos.  Y Yugueros siempre defendi\u00f3 su econom\u00eda. Ya en el siglo XVII est\u00e1n documentados pleitos con Cistierna relacionados con el citado Coto teniendo como parte denunciante el com\u00fan del Concejo de Yugueros acompa\u00f1ados por un representante del Marqu\u00e9s de Astorga, <\/span>procesos llevados hasta la Real Chanciller\u00eda<span style=\"color: #000000;\"> de Valladolid, todo para que se reconociese un Foro de tiempo inmemorial y la capacidad del pueblo para establecer multas. <\/span><\/p>\n\n\n\n<p><span style=\"color: #000000;\"><br>Se sabe que la \u00fanica nave de la iglesia actual se realiz\u00f3 a principios del siglo XVI pero faltan datos documentales de la obra y que el campanario es de finales de este mismo siglo y tambi\u00e9n se documenta que parte de la obra de \u00e9ste fue derruir el anterior; est\u00e1 documentado quien hizo la torre campanario, cu\u00e1nto cost\u00f3, de donde vino la piedra para sus sillares y de donde la madera. Obras posteriores fueron la sacrist\u00eda, altares laterales, portal y otras obras menores.<\/span><\/p>\n\n\n\n<p><span style=\"color: #000000;\">Menci\u00f3n aparte merece su retablo renacentista, de gran calidad para un pueblo como Yugueros. Se sabe que se instal\u00f3 en 1553 porque as\u00ed lo manifiesta una inscripci\u00f3n en el retablo pero no hay de momento conocimiento de su taller y maestro. Quiz\u00e1s una comparativa con otros retablos pr\u00f3ximos podr\u00eda dar pista sobre su origen pues est\u00e1 dentro de las corrientes, modelos y decoraciones italianizantes de moda en la \u00e9poca. Se me ocurren los retablos de Valdavida y Valdescapa en la ribera del Cea. Se conserva en buen estado, reluce con su \u00faltima restauraci\u00f3n, y todo a pesar de algunas actuaciones y repintes desafortunados algunos en tiempos no tan pret\u00e9ritos.<\/span><\/p>\n\n\n\n<p><span style=\"color: #000000;\">Y esto fue posible porque Yugueros en aquellos a\u00f1os pose\u00eda saneadas rentas, montes con abundante madera de roble, pastos ideales para bueyes, tierras donde tradicionalmente se cultiv\u00f3 excelente trigo y unas condiciones ambientales que favorec\u00edan su maduraci\u00f3n, situaci\u00f3n estrat\u00e9gica entre riberas, tierra de paso y de intercambios de ganado en la ferias del Mercadillo; hasta all\u00ed llegan los montes de Yugueros.<\/span><\/p>\n\n\n<div class=\"wp-block-image\">\n<figure class=\"aligncenter\"><a href=\"http:\/\/adr2.net\/wordpress\/wp-content\/uploads\/2014\/10\/Altar.jpg\"><img loading=\"lazy\" decoding=\"async\" width=\"700\" height=\"368\" src=\"http:\/\/adr2.net\/wordpress\/wp-content\/uploads\/2014\/10\/Altar.jpg\" alt=\"Altar\" class=\"wp-image-291\" srcset=\"http:\/\/adr2.net\/wordpress\/wp-content\/uploads\/2014\/10\/Altar.jpg 700w, http:\/\/adr2.net\/wordpress\/wp-content\/uploads\/2014\/10\/Altar-300x157.jpg 300w\" sizes=\"auto, (max-width: 700px) 100vw, 700px\" \/><\/a><\/figure>\n<\/div>\n\n\n<p><span style=\"color: #000000;\">En diferentes art\u00edculos ir\u00e9 tratando en particular diferentes aspectos de la iglesia: Retablo, obras y en especial la Torre, otras obras menores como portal y sacrist\u00eda, enterramientos, rentas y posesiones de la iglesia, visitas pastorales, inventarios y algunas actuaciones tan cercanas como desafortunadas. Menci\u00f3n aparte merecen cercanos expolios, indigencias y tristes desapariciones de ornamentos, objetos&nbsp; para el culto,&nbsp; mobiliario, lamparas y luminarias, sagrario, pend\u00f3n&#8230; debimos ser m\u00e1s respetuosos como cuidadores y administradores de un patrimonio legado por nuestros antepasados. A continuaci\u00f3n se muestra el altar mayor tal como era antes de su desmembramiento:<\/span><span style=\"color: #000000;\">Como fuente de datos se han consultado los fondos bibliogr\u00e1ficos sobre el tema en el Archivo Diocesano del Obispado de Le\u00f3n, el archivo de Concejo del pueblo. La vista del altar es una composici\u00f3n idealizada de como fue en origen seg\u00fan recuerdos de vecinos del pueblo y m\u00edos. <br><\/span><\/p>\n\n\n\n<p class=\"has-text-align-right\"><span style=\"color: #000000;\">A. del R\u00edo<\/span><\/p>\n\n\n\n<p><\/p>\n","protected":false},"excerpt":{"rendered":"<p>Pocos pueblos pueden presumir de un majestuoso campanario, vig\u00eda en el paso entre la ribera del r\u00edo Esla y el Valdellorma como el de Yugueros. Y es que Yugueros est\u00e1 estrat\u00e9gicamente situado a orilla del camino del Mercadillo con su secular puente y mercado inmemorial de ferias y tributos de pontazgo, camino real, senda de &hellip; <a href=\"http:\/\/adr2.net\/wordpress\/?page_id=150\" class=\"more-link\">Sigue leyendo <span class=\"screen-reader-text\">La Iglesia de Yugueros<\/span> <span class=\"meta-nav\">&rarr;<\/span><\/a><\/p>\n","protected":false},"author":1,"featured_media":0,"parent":0,"menu_order":5,"comment_status":"open","ping_status":"open","template":"","meta":{"footnotes":""},"class_list":["post-150","page","type-page","status-publish","hentry"],"_links":{"self":[{"href":"http:\/\/adr2.net\/wordpress\/index.php?rest_route=\/wp\/v2\/pages\/150","targetHints":{"allow":["GET"]}}],"collection":[{"href":"http:\/\/adr2.net\/wordpress\/index.php?rest_route=\/wp\/v2\/pages"}],"about":[{"href":"http:\/\/adr2.net\/wordpress\/index.php?rest_route=\/wp\/v2\/types\/page"}],"author":[{"embeddable":true,"href":"http:\/\/adr2.net\/wordpress\/index.php?rest_route=\/wp\/v2\/users\/1"}],"replies":[{"embeddable":true,"href":"http:\/\/adr2.net\/wordpress\/index.php?rest_route=%2Fwp%2Fv2%2Fcomments&post=150"}],"version-history":[{"count":12,"href":"http:\/\/adr2.net\/wordpress\/index.php?rest_route=\/wp\/v2\/pages\/150\/revisions"}],"predecessor-version":[{"id":861,"href":"http:\/\/adr2.net\/wordpress\/index.php?rest_route=\/wp\/v2\/pages\/150\/revisions\/861"}],"wp:attachment":[{"href":"http:\/\/adr2.net\/wordpress\/index.php?rest_route=%2Fwp%2Fv2%2Fmedia&parent=150"}],"curies":[{"name":"wp","href":"https:\/\/api.w.org\/{rel}","templated":true}]}}